= 87 + -80. What is the remainder when t is divided by v?
6
Let o = 425 + -346. Calculate the remainder when o is divided by 20.
19
Let c = -74 - -80. Calculate the remainder when 125 is divided by c.
5
Let d(k) = -7*k**3. Let x(j) = -j + 1. Let b be x(-13). Let p = 26 - b. What is the remainder when p is divided by d(-1)?
5
Let d(a) = a**2 + 2*a - 6. Let y be d(-4). Suppose -y*g = -3*g + 4*i, 0 = 3*g - 2*i - 20. What is the remainder when 14 is divided by g?
6
Let t = -197 + 537. Calculate the remainder when t is divided by 86.
82
Let i(y) = y**2 + 2*y - 3. Let d be i(2). Suppose -s + 14 = -l, -106 = -5*s - d*l - 36. Let p = 3 + 65. Calculate the remainder when p is divided by s.
12
Let q(s) = -4*s + 101. Calculate the remainder when q(7) is divided by 46.
27
What is the remainder when 600/60 - -987*1 is divided by 9?
7
Suppose -14*b + 8 = -12*b. Let g(w) = -1. Let y(h) = 10*h + 7. Let d(f) = 6*g(f) + y(f). Calculate the remainder when d(b) is divided by 22.
19
Suppose -a = -m + 5, -18 + 3 = -m - a. What is the remainder when 19 is divided by m?
9
What is the remainder when 23 is divided by (2/(-8))/(10/(-280))?
2
Let u = -19 - -40. Let g(o) = -6*o**3 + 4*o**2 - 2. What is the remainder when g(-2) is divided by u?
20
Suppose -3*v - 20 = -3*p + 2*p, 4*p = -3*v + 5. Let x(r) = r**3 + 5*r**2 - 5*r - 12. Calculate the remainder when 77 is divided by x(v).
12
Suppose 0 = -2*i - 5*u + 323 - 30, 3*i - 450 = 3*u. Calculate the remainder when i is divided by 45.
14
Let n be 14/8 - 12/16. Suppose -4 = 5*a + n. Let t = a - -16. Calculate the remainder when 43 is divided by t.
13
Let r(u) = -4*u. Calculate the remainder when 6956/329 - (-1)/(-7) is divided by r(-3).
9
What is the remainder when 429 is divided by 5 - (-55 - (-5 - 1))?
51
Let f(z) = z**2 + 23*z + 50. Calculate the remainder when f(-24) is divided by 39.
35
Suppose -2*y + 23 - 5 = 0. What is the remainder when 93 is divided by (y/2)/(21/112)?
21
Let m(g) = g**3 + 11*g**2 - 14*g - 19. Suppose 0*t = -13*t - 156. What is the remainder when 48 is divided by m(t)?
3
Let f(t) = -t**2 + 15*t + 18. Let a be f(6). What is the remainder when (70/(-15))/((3/a)/(-1)) is divided by 29?
25
Suppose -5*n + d - 2*d = -216, 2*n = 4*d + 82. Suppose 5*l = 2*z - z + 8, 2*l + 7 = -3*z. What is the remainder when n is divided by (-6 + (-15)/(-5))*z?
7
Let v(p) = 126*p**2 - 7*p + 8. What is the remainder when v(2) is divided by 50?
48
Suppose 24*o = 17*o + 2457. Calculate the remainder when o is divided by 8.
7
Let z be (-2)/11 + 216/99. Suppose 4*m - 12 = -2*k + 2, 0 = z*m + 2*k - 8. What is the remainder when (8/(-12))/((-1)/m) is divided by 2?
0
Let s(k) = k + 6. Let p(a) = -a - 6. Let w(d) = -6*p(d) - 7*s(d). Let x be w(7). Calculate the remainder when (-10 + 6)*(x + 2) is divided by 23.
21
Let u = -298 + 387. What is the remainder when u is divided by 5?
4
Suppose -j + 363 = p, 4*j - 3*p = 6*j - 731. Calculate the remainder when j is divided by 24.
22
Let d(h) = h**2 - 11*h + 15. Let i be d(10). Suppose -i*j + p = -224, 88 + 51 = 3*j + 4*p. What is the remainder when j is divided by 24?
21
Let y = 2374 - 2367. What is the remainder when 47 is divided by y?
5
Let h(v) = -21*v - 496. Calculate the remainder when h(-64) is divided by 85.
83
Suppose -3*k + 0*k = 0. Suppose q - 25 + 1 = k. Suppose 0 = -4*c + 3*g + 18 + 3, 3*g = 5*c - q. What is the remainder when 9 is divided by c?
0
Suppose -26*a = -261 - 3145. What is the remainder when a is divided by 7?
5
Let u = 5 + 3. Let m be ((-260)/u)/(3/(-6)). Calculate the remainder when 6 is divided by (-1 - 0)/((-13)/m).
1
Let a(d) = 4*d**2 - 2*d + 4. What is the remainder when a(-3) is divided by (5 - 1) + (2 - (3 - 10))?
7
Suppose 4*n + 6 = 2*n. Let h = -1 - n. What is the remainder when (-9)/(-15) + (-4 - 108/(-20)) is divided by h?
0
Let i(q) = q**3 + 6*q**2 + 6*q + 7. Let w be i(-3). Suppose -l = 2*l - 21. Let s = w - l. Calculate the remainder when 33 is divided by s.
6
Suppose -3*y - u = 17 - 92, -5*u = -2*y + 50. Suppose 0 = -3*k - a + 73, 0 = -3*k + 3*a + 68 + y. Let o = k - 4. What is the remainder when o is divided by 6?
4
Let o = 111 - 18. Calculate the remainder when -2 - ((-14)/(-21))/((-2)/o) is divided by 11.
7
What is the remainder when (-6)/4*(-360 + (-8)/(-4)) is divided by 54?
51
Let d(m) = -15*m - 136. What is the remainder when d(-16) is divided by 31?
11
Suppose 87*y - 143 = 74*y. What is the remainder when 31 is divided by y?
9
Let z(x) = -2*x + 11*x**2 - 6 + 0*x - x - 10*x**2. What is the remainder when z(12) is divided by 13?
11
Let i be (8/(-5))/(18/(-45)). Suppose -i*o - 7 = -23. Let l(k) = 2*k - 12. What is the remainder when l(9) is divided by o?
2
Let l = -47 - -67. Suppose -138 - 38 = 2*k. What is the remainder when k/396 - (1 - 542/9) is divided by l?
19
What is the remainder when 1210/66*(-6)/(-5) is divided by 15?
7
Let z = -1000 - -1029. What is the remainder when 317 is divided by z?
27
Let h = 3 - -3. Let c(f) = -f**2 + 7*f + 500. What is the remainder when h is divided by c(26)?
0
Calculate the remainder when 192 is divided by -5 + (-5 - -10) - (-380)/4.
2
Suppose 3*n - n = -48. Let l be (n/60)/(1/5). Let d(c) = -c**3 - c**2 - c + 2. Calculate the remainder when 14 is divided by d(l).
6
Let b be (-6)/9*15/10. Calculate the remainder when (1*-55)/b + -3 is divided by 18.
16
Suppose 65 = -o + 351. Calculate the remainder when o is divided by 41.
40
Suppose 0 = 4*a + f - 1959, 1145 = 2*a - 7*f + 188. Calculate the remainder when a is divided by 35.
34
Let v = -5 - 0. Suppose -4*u + u + 4*q = -125, 2*q - 2 = 0. Let g = v + u. Calculate the remainder when g is divided by 13.
12
Calculate the remainder when 778 is divided by (-1 - -3)*34 + -8.
58
Let r = -5 - -17. Let l = 95 + -51. Calculate the remainder when l is divided by r.
8
Suppose 2*u = 100 + 118. What is the remainder when u is divided by (-1596)/(-95)*(-10)/(-3)?
53
Suppose 0 = -0*c + 7*c - 14. Suppose 3*d = 5*d - l - 38, -c*d - 3*l + 54 = 0. Calculate the remainder when d is divided by 13.
8
Suppose -2*k - 75 = -5*k. Suppose 6*b = b + k. Calculate the remainder when 20 is divided by (-2 + b)*14/6.
6
Suppose 0 = 5*i - 7*i - 2. Let b = 0 + i. Calculate the remainder when 33 is divided by 21 + b + 8/(-4).
15
Calculate the remainder when 149 is divided by 6/(84/(-30) - -3).
29
Let i(o) = o**2 + 2*o - 3. Let u be i(-8). Suppose 2*a + a = -u. Calculate the remainder when 53 is divided by (-12)/a*(-45)/(-2).
17
Suppose 3063 - 1007 = -8*l. Let a = l - -381. What is the remainder when a is divided by 6?
4
Suppose 0 = -5*z + 207 - 182. Calculate the remainder when 50 is divided by z.
0
Suppose -21*k = 4*x - 20*k - 40, -5*x - 2*k = -53. Calculate the remainder when 31 is divided by x.
4
Let s(w) = -5*w - 20. Let o be s(-8). Suppose -2*d - 3*d = -o. Calculate the remainder when 1 - (-1)/((-2)/(-12)) is divided by d.
3
Let l = 1725 + -1606. What is the remainder when l is divided by 37?
8
Let g(o) = o**2 - o + 1. Let x(v) = 8*v - 215. What is the remainder when x(29) is divided by g(2)?
2
Calculate the remainder when 1*15 + -1 + -2 + 1 is divided by 12.
1
Suppose -6*k + 13 = -23. What is the remainder when 22 is divided by k?
4
Let s(y) = y**2 + 3*y + 2. Let w be s(-2). Let r = w - -6. What is the remainder when (-1)/(-6) + 35/r is divided by 4?
2
Let u = 372 + -333. Suppose 0 = -4*h + 6*h - 158. Suppose -19 = 3*p - h. Calculate the remainder when u is divided by p.
19
Suppose 0 = 4*u + 43 - 27. Let a(r) = -3*r + 9. Calculate the remainder when 82 is divided by a(u).
19
Suppose l - 9*l + 1888 = 0. Calculate the remainder when l is divided by 8.
4
What is the remainder when 1595 is divided by 1/((-381)/(-42) + -9)?
13
What is the remainder when (-3)/9*(-7)/(35/7620) is divided by 37?
27
Suppose 4*n + s + 96 = -2*s, 0 = 5*s + 20. Let f = -73 + 111. Let d = n + f. What is the remainder when 66 is divided by d?
15
Let g = -263 + 298. What is the remainder when 592 is divided by g?
32
Suppose 42 = -57*z + 63*z. What is the remainder when 74 is divided by z?
4
Suppose -39*p + 43*p + 3*o - 392 = 0, -o = 4*p - 384. What is the remainder when 659 is divided by p?
89
Let w = 392 + -344. Calculate the remainder when w is divided by 15.
3
Let r(u) = -44*u - 406. What is the remainder when r(-31